5. Suppose 2*s + 12 = 3*b - b, 0 = 16*s + 4*b + 36. Calculate q(s).
-16
Let m(z) = 0*z + 22 + 0*z + 0*z - 52 - 3*z. Give m(-9).
-3
Let c(r) = 11*r - 68. Let i be c(6). Let x(q) = 39*q + 72. Let v be x(i). Let s(y) be the first derivative of -y**3/3 - 3*y**2 + 6*y - 1. Calculate s(v).
6
Suppose 3*f - f = -f. Suppose 4*m + 5*u - 41 = f, -u = m - 2*u + 1. Let h(q) = m*q**2 + 0*q + 0*q - 2 + 6*q - 3*q**2. Calculate h(-6).
-2
Let h be 0/(-4) - (1 + -1). Let v be (-10 + 10)/(h - 2). Let x(z) = z**2 + 57*z - 50*z - 2 + v. Give x(-7).
-2
Suppose 4*p - 34 = 4*a + a, 0 = 2*p + 2*a - 8. Suppose 12 = -3*y + p*y. Let m(j) = -j**2 + 3*j + 4. Give m(y).
0
Let g(m) be the first derivative of m**3/3 - 5*m**2/2 - 2*m + 3. Let u = -149 + 58. Let r = u - -97. Calculate g(r).
4
Let g(p) = 26*p - 193. Let y(j) = -5*j**2 + 68*j + 7. Let f be y(0). Determine g(f).
-11
Let q(i) be the third derivative of i**6/120 + i**5/10 - i**4/12 + i**3/2 - 542*i**2 - i. Suppose 7*h - 5*h + 10 = 0. Give q(h).
38
Let p be 9 + -5 + 15/1*1. Let b(q) = q**2 - 21*q + 39. Give b(p).
1
Let a(k) = k**3 + 6*k**2 - 2. Let t be 0 - (6 + -1) - -725 - -3. Let p = t + -729. What is a(p)?
-2
Let b(j) = j + 4. Let k(p) = p - 2. Let o(x) = 3*b(x) + 6*k(x). Suppose 5*n - 2*g + 22 = 0, -n + 1 = -11*g + 16*g. Calculate o(n).
-36
Suppose -13 + 16 = i. Suppose 4*g = i*o - 16, g - 2*o + 10 = 1. Let l(p) = 8*p**2. What is l(g)?
8
Let r be 34/221 + 10942/26. Let n(v) = 0*v + v**2 - 425 + r + v. What is n(3)?
8
Let p(j) = -3 - j - 9*j**2 + 5 + j**3 + 3*j**2. Suppose -60*v + 576 = 38*v - 2*v. Give p(v).
-4
Let a(g) = 2*g**2 + 16*g + 20. Let o be a(-6). Let q(p) = -p**3 + 4*p**2 + 4. Let m be q(4). Let r(c) = 5*c - c + c**2 + 3 - m. Give r(o).
-1
Let u(p) = -7*p**2 - p - 5. Let a(h) be the first derivative of -5*h**3 - h**2 - 11*h - 95. Let t(r) = -6*a(r) + 13*u(r). Give t(2).
-5
Let f(v) = -6*v**2 - 16*v + 2274 - 2280 - v**3 - 13*v**2. What is f(-18)?
-42
Let k(z) = -3*z**2 - 25*z + 2. Suppose -105*r - 120 = 615. Determine k(r).
30
Let v(b) be the first derivative of b**2 + 10 + 5/24*b**4 - 1/60*b**5 + 0*b + 1/6*b**3. Let h(z) be the second derivative of v(z). Determine h(3).
7
Let a(n) = 2*n**2 - 29*n + 2. Let m(o) = o**2 - 12*o. Let g(f) = 2*a(f) - 5*m(f). Let c = -10 - -16. Determine g(c).
-20
Let b(r) = 834 - 873 + 31*r - 33*r + r**2. Determine b(9).
24
Let u = -184 - 9. Let t = u - -191. Let f(a) = -3*a - a**2 + 2 - 3 + 4*a. Calculate f(t).
-7
Let a(u) = u**3 + 23*u**2 + 16*u - 126. Suppose 0 = -f - 31*z + 29*z - 32, -6*f - 2*z - 142 = 0. Calculate a(f).
6
Let l(x) = x**2 - 3*x - 23. Suppose 3*w + 45 = -3*c + 81, -3*c = -w - 8. Calculate l(w).
5
Let q(b) = -10*b + 104. Let m(u) = 109*u - 12742. Let d be m(117). What is q(d)?
-6
Let z be 1 - -1 - (-1 + (-2 - -5)). Suppose -5*c = z, -4*g - 8*c + 4*c = -8. Suppose 9*p - 16 = g. Let y(k) = 2*k**2 - 3*k + 1. What is y(p)?
3
Let q(h) = h**3 - 25*h**2 - 2*h + 70. Suppose -31*n = -35*n + 2*d + 116, 2*n = -3*d + 26. Calculate q(n).
20
Suppose 21 = 3*h + a, -5*h + 147*a + 18 = 143*a. Let l(i) = 4*i - 15. Determine l(h).
9
Let z(a) = 4*a + 50. Suppose 3*i + 2*r = -33, 273*i = 270*i - r - 30. What is z(i)?
14
Let q(y) = 53*y**2 - 14*y - 176. Let d(s) = 97*s**2 - 30*s - 351. Let a(z) = -6*d(z) + 11*q(z). What is a(-15)?
5
Suppose 350*g - 184 + 1584 = 0. Let u(s) = 3*s**3 + 12*s**2 - 2*s - 13. Give u(g).
-5
Suppose 9 + 39 = 3*w. Let r = 22 - w. Let u(g) = 6*g + 3401*g**2 + 0*g - 7 - g + g - 3402*g**2. Calculate u(r).
-7
Let g(x) = 1 + 4 - 2 + 2*x. Let u(o) = o**3 + 10*o**2 - 2*o - 4. Let c be u(-10). Suppose 7*b = c + 19. Give g(b).
13
Let s(n) be the first derivative of -6*n**2 - 3*n + 598. What is s(4)?
-51
Let r(x) = 2*x**3 - 4*x**2 + x + 1. Suppose -2*i - 2*l + 18 = -10, 4*i - 54 = -5*l. Let j(s) = s**3 - 16*s**2 + 6*s - 93. Let p be j(i). Determine r(p).
22
Let o be (-1232)/(-231) + ((-8)/6)/(-2). Let b(v) = -v**2 - v + 1. Let x(a) = a**3 - 11*a**2 + 4*a - 7. Let g(y) = 4*b(y) - x(y). What is g(o)?
-1
Suppose 29*s + 28 = -3*t + 31*s, 6 = 3*s. Let v(k) = -12*k - 28. Calculate v(t).
68
Let t(n) be the first derivative of 13*n**2/2 + 59*n - 2721. What is t(-5)?
-6
Let z = 7904 + -7917. Let j(q) = 2*q**2 + 16*q - 18. What is j(z)?
112
Let v be (-2)/((-195)/(-25) + -8). Suppose 0 = -v*b - 2 - 8. Let l(i) = -35*i**3 - i**2. What is l(b)?
34
Let n(u) = 4*u**3 - 5*u**2 - 2. Let w = -2417 + 2419. Calculate n(w).
10
Let p(h) = -3*h + 19. Let n be p(-5). Let b(i) = -n + i**3 + 9*i - 10*i + 14. Suppose -5*o = -7*o. What is b(o)?
-20
Let w = -1281 - -1282. Let t(i) = 2*i**2 - i. Give t(w).
1
Suppose -2*v = -3*x - 3, -178*v + 179*v = 0. Let r(h) be the third derivative of -1/24*h**4 + 0*h + 0*h**3 + 1/12*h**6 - 2*h**2 - 1/60*h**5 + 0. What is r(x)?
-10
Let f(p) = -2*p**3 - 4*p**2 - 4*p - 6. Let o = -10355 - -10353. What is f(o)?
2
Suppose -4*x + 943 = -0*x - h, 0 = 2*h - 2. Suppose 0*k = -4*k + b + x, 2*k + 2*b - 128 = 0. Let s(m) = -3 - k*m + 63*m + 0 + m**3 + 4*m**2. What is s(-3)?
-3
Suppose 2*g - 2*n + 2 = 0, 0 = -4*g + 9*g + 3*n - 19. Let u(v) be the third derivative of -1/24*v**4 + 0*v**3 + 0*v - 1/60*v**5 + 0 - 10*v**g. Determine u(-1).
0
Let w be (13 - 11)/(2/(-12)). Let i(k) = 12*k + 138. Calculate i(w).
-6
Let k(j) = -7*j + 4 - 4*j - 4. Suppose 5*t - 3*b = 2*t - 9, -2*t = -5*b + 21. Calculate k(t).
-22
Suppose p = z - 1, p - 5*p = -5*z + 8. Let k(q) = 0*q - 3*q + q + 1 - z*q + 5*q. Determine k(10).
-9
Let b = -840 - -845. Suppose 10 = t + 4*t. Let o(m) = -m**3 + 3 - 2*m**t - 4 + 8*m**2 - 6*m - 1. Calculate o(b).
-7
Let i = -39968 + 79945/2. Let f(w) be the second derivative of -1/6*w**3 + 0 + 19*w + i*w**2. What is f(0)?
9
Suppose -7 = -20*y + 13*y. Let a be ((-8)/2 - y)*(-9 - -8). Let s(o) = o**3 - 5*o**2 - 2*o + 1. Give s(a).
-9
Suppose -25*h + 48*h = 25*h + 16. Let a(r) = -r**2 - 17*r - 109. Determine a(h).
-37
Let n(b) = -8*b**2 + 14*b + 11. Let x(m) = 13*m**2 - 26*m - 21. Let y(t) = -7*n(t) - 4*x(t). Give y(-3).
25
Suppose -h = -f - 10, 0 = 4*f + 11*h - 7*h. Let g(s) = s**3 + 2*s**2 - 11*s. Give g(f).
-20
Let r be (25*1/(-1))/(-1). Let t(z) = -z**3 + 26*z**2 - 26*z + 19. Let f be t(r). Let v(x) be the first derivative of x**2 + 9*x - 9. What is v(f)?
-3
Let c = -10319 + 10312. Let n(r) = -8*r - 53. Give n(c).
3
Let j = 6518 - 6516. Let k(n) = 5*n**3 - 4*n - 1. What is k(j)?
31
Let c(n) = 2485 - 1185 - 1304 - 11*n**2 - 14*n + n**3. Give c(11).
-158
Let o(s) = 59*s - 58. Let z(c) = -24*c + 27. Let n(l) = -2*o(l) - 5*z(l). What is n(-9)?
-37
Let h(p) be the first derivative of -p**4/2 - 2*p**2 - 12*p + 77. Let l be h(-2). Let b(z) = z**2 - 13*z + 4. Give b(l).
-8
Let h(s) = -s**3 + 3*s**2 - 2. Let y(g) = -g - 5. Let a(w) = 6*w - 20. Let u be a(-6). Let i = u - -49. Let c be y(i). What is h(c)?
2
Let n(v) be the third derivative of v**5/30 - v**4/8 - 5*v**3/6 + 499*v**2. What is n(-3)?
22
Suppose -2*i = 2*h - 425 - 89, 4*i - 1031 = -h. Suppose 6*o + 54 = i. Let k(z) = -o*z + 20*z + 20*z - 1. What is k(2)?
11
Let o = 2737 + -2737. Let y(b) be the third derivative of -1/24*b**4 + 10*b**2 + 0 + 1/6*b**3 + o*b. What is y(-4)?
5
Let v(w) = w**2 - 3*w - 6. Suppose -127*n + 123*n = 0. Let y(z) = z**3 - 10*z**2 + 2*z - 7. Let k be y(10). Suppose o - 17 = -n*o + 3*d, o - k = 2*d. Give v(o).
4
Let p(n) = -3*n**3 - 3*n**3 + n**2 + 0*n**2 + n. Let b(j) = j + 5. Let x = 92 - 98. Let a be b(x). Determine p(a).
6
Let s(h) = h**3 - 18*h**2 - 22*h - 23. Let m(x) = -24*x - 509. Let i be m(-22). Give s(i).
-80
Let h(a) = a**3 + 26*a**2 + 46*a - 50. Let k be h(-24). Let i be k/(0 + 5/(-10)). Let y(w) = w**3 - 3*w**2 + 4*w - 2. Determine y(i).
30
Let z(v) be the first derivative of -v**4/2 + 4*v**3/3 + 3*v**2 - 7*v + 1774. What is z(3)?
-7
Let v = 31 - 23. Let t(d) = -3 + 3 + 19*d**2 - v*d**2. Determine t(-1).
11
Let s(u) = -u**2 + 9*u + 12. Let c be 20/15*3 - -72. Suppose 0 = 3*v + 3*w + 33, 0*w - 4*w + c = -4*v. Let d = v + 24. Determine s(d).
12
Let f(d) = -d**3 + 15*d**2 - 38*d - 73. Let c be f(11). Let z(a) be the second derivative of a**5/20 + 7*a**4/12 - a**3/6 + 5*a**2/2 - 33*a. Give z(c).
12
Let m = -2017 + 2015. Let q(t) = 4*t + 12. What is q(m)?
4
Suppose 0*w - 1 = 5*b - w, 4*b - 2*w + 2 = 0. Suppose 0 = -18*o - b*o - 54. Let k(m) = m**3 + 3*m**2 - m - 6. What is k(o)?
